{"version":"1.0","provider_name":"Global Academy","provider_url":"https:\/\/www.globacademy.org\/en\/","author_name":"Erman Ermihan","author_url":"https:\/\/www.globacademy.org\/en\/author\/erman\/","title":"Survey on Public Perceptions on Europe and the European Union in Turkey - Global Academy","type":"rich","width":600,"height":338,"html":"<blockquote class=\"wp-embedded-content\" data-secret=\"yM9PXmW0pj\"><a href=\"https:\/\/www.globacademy.org\/en\/service\/turkiyede-avrupa-ve-avrupa-birligi-algisi\/\">Survey on Public Perceptions on Europe and the European Union in Turkey<\/a><\/blockquote><iframe sandbox=\"allow-scripts\" security=\"restricted\" src=\"https:\/\/www.globacademy.org\/en\/service\/turkiyede-avrupa-ve-avrupa-birligi-algisi\/embed\/#?secret=yM9PXmW0pj\" width=\"600\" height=\"338\" title=\"&#8220;Survey on Public Perceptions on Europe and the European Union in Turkey&#8221; &#8212; Global Academy\" data-secret=\"yM9PXmW0pj\" frameborder=\"0\" marginwidth=\"0\" marginheight=\"0\" scrolling=\"no\" class=\"wp-embedded-content\"><\/iframe><script type=\"text\/javascript\">\n\/* <![CDATA[ *\/\n\/*! This file is auto-generated *\/\n!function(d,l){\"use strict\";l.querySelector&&d.addEventListener&&\"undefined\"!=typeof URL&&(d.wp=d.wp||{},d.wp.receiveEmbedMessage||(d.wp.receiveEmbedMessage=function(e){var t=e.data;if((t||t.secret||t.message||t.value)&&!\/[^a-zA-Z0-9]\/.test(t.secret)){for(var s,r,n,a=l.querySelectorAll('iframe[data-secret=\"'+t.secret+'\"]'),o=l.querySelectorAll('blockquote[data-secret=\"'+t.secret+'\"]'),c=new RegExp(\"^https?:$\",\"i\"),i=0;i<o.length;i++)o[i].style.display=\"none\";for(i=0;i<a.length;i++)s=a[i],e.source===s.contentWindow&&(s.removeAttribute(\"style\"),\"height\"===t.message?(1e3<(r=parseInt(t.value,10))?r=1e3:~~r<200&&(r=200),s.height=r):\"link\"===t.message&&(r=new URL(s.getAttribute(\"src\")),n=new URL(t.value),c.test(n.protocol))&&n.host===r.host&&l.activeElement===s&&(d.top.location.href=t.value))}},d.addEventListener(\"message\",d.wp.receiveEmbedMessage,!1),l.addEventListener(\"DOMContentLoaded\",function(){for(var e,t,s=l.querySelectorAll(\"iframe.wp-embedded-content\"),r=0;r<s.length;r++)(t=(e=s[r]).getAttribute(\"data-secret\"))||(t=Math.random().toString(36).substring(2,12),e.src+=\"#?secret=\"+t,e.setAttribute(\"data-secret\",t)),e.contentWindow.postMessage({message:\"ready\",secret:t},\"*\")},!1)))}(window,document);\n\/* ]]> *\/\n<\/script>\n","thumbnail_url":"https:\/\/www.globacademy.org\/wp-content\/uploads\/2022\/04\/WhatsApp-Image-2022-04-25-at-5.27.55-PM-e1650896927917.jpeg","thumbnail_width":799,"thumbnail_height":392,"description":"T\u00fcrkiye\u2019de Avrupa ve Avrupa Birli\u011fi Alg\u0131s\u0131 Ara\u015ft\u0131rmas\u0131 The results of \u201cPublic Perceptions on Europe and the European Union in Turkey\u201d, conducted under the oversight of Prof. Mustafa Ayd\u0131n, Coordinator of the Global Academy and Professor at Kadir Has University, are released. The fieldwork for \u201cPublic Perceptions on Europe and the European Union in Turkey\u201d, which [&hellip;]"}

Türkiye’de Avrupa ve Avrupa Birliği Algısı Araştırması The results of “Public Perceptions on Europe and the European Union in Turkey”, conducted under the oversight of Prof. Mustafa Aydın, Coordinator of the Global Academy and Professor at Kadir Has University, are released. The fieldwork for “Public Perceptions on Europe and the European Union in Turkey”, which [&hellip;]
